w**2 - w - 1. Let q(h) = m(h) + 4*z(h). What is q(-1)?
2
Let l be (48/4)/4 - 5. Let r(o) = -2*o**3 - 2*o**2 + 2*o + 1. Give r(l).
5
Let d(r) be the first derivative of 2*r**3/3 + r**2/2 - 4*r - 1. Let m be d(-3). Let f = 8 - m. Let h(q) = q. Give h(f).
-3
Suppose 3*r - 4*r + 5 = 0. Let t(b) = -16*b + r*b + 12*b + 11. What is t(-5)?
6
Suppose -c = -4*t - 2 + 37, -3*t + c = -26. Let v = -8 + t. Let h(m) = 14*m + 1. Let r(y) = y. Let d(b) = -h(b) + 4*r(b). Calculate d(v).
-11
Suppose 0 = 5*r + 4*u - 0*u - 30, 3*r - 18 = -4*u. Let n(p) be the first derivative of p**4/4 - 2*p**3 - p**2 + 7*p + 23. What is n(r)?
-5
Let c(n) = n**2 + 5*n - 4. Let i(b) = -3*b**3 - b - 1. Let a be i(-1). Suppose 3*o = 3*s - a, 4*o - 4*s + s = -8. Calculate c(o).
-4
Let y(z) = -2*z + 10 + 5*z + 10 - 21. Calculate y(-5).
-16
Let g(x) = x**2 + x - 5. Suppose -j + 8 = 3. Let f = 13 - j. Suppose 2*z - f = 4*z. Determine g(z).
7
Let u be (-1 - -3 - 8)/1. Let l(x) = -x**3 - 5*x**2 + 7*x + 3. Let y be l(u). Let v(r) = r**3 + 2*r**2 - 2*r + 1. Calculate v(y).
-2
Let d(q) be the second derivative of -7/6*q**3 + 2*q + 0 - 1/12*q**4 - 3*q**2. Suppose -7*c - 40 = c. Determine d(c).
4
Let a(r) = -7*r**3 - 2*r + 7. Suppose -21 = -v - 2*v. Let k(s) = -10*s**3 - 3*s + 10. Let d(h) = v*a(h) - 5*k(h). Determine d(0).
-1
Let k(a) = a**3 + a**2 + 6. Let l(v) = v**3 + v**2 + 7. Let h(u) = -7*k(u) + 6*l(u). Let p be ((-8)/(-20))/((-2)/10). Let z = -3 - p. Determine h(z).
0
Let a(c) be the first derivative of -c**2/2 + 18*c + 20. Determine a(11).
7
Let m(c) = -c + c**2 - 2330 + 2*c + 2339. What is m(0)?
9
Suppose g - 5 = 5*r - 2*r, -2*g = 4*r - 10. Suppose r = -2*b + 10. Let p(m) = m - 8. Determine p(b).
-3
Let a = 3 - 0. Let t(q) = -3*q - a + 0 - q. Suppose 0 = -2*f + h + 3 - 5, f + 15 = -3*h. Calculate t(f).
9
Let b(g) be the second derivative of -g**3/2 - g**2 - 3*g. Suppose m + 3 = 4*m. Let d = m + 1. Determine b(d).
-8
Let i(j) be the first derivative of -3*j**2 + 8. Calculate i(-2).
12
Let a = -1 + 3. Let h(g) = -2 - g**a + 0*g**2 + 2*g**2 + g**3 - g. Suppose 10 = -3*y - 2*y. Calculate h(y).
-4
Let o(d) = 9 - d - 9. Let z be o(-5). Let u = z + -5. Let x(y) = y**2 + 5. Calculate x(u).
5
Let m be (-40)/12*(-12)/10. Suppose 0*g = m*g - 4. Let p(k) = -1 + 6*k - 2*k + 3*k. What is p(g)?
6
Let b(i) = -i. Let r(j) = -3*j + 7 + 3 - 6. Let s(k) = -4*b(k) + r(k). Suppose -5*y + 2*y = 15. Determine s(y).
-1
Let c(u) = -u + 7. Let q = -3 + 6. Let l be (q/(-6))/((-1)/10). Give c(l).
2
Let x(i) = i**3 + 5*i**2 + 2*i - 5. Let b be x(-4). Let h(n) = 4*n**3 - 3*n**3 + 5 + 5*n**3 - 5*n**b - 8*n**2 + 6*n. What is h(7)?
-2
Suppose 3*m - 48 = -4*y + 5*m, -3*y + 29 = -5*m. Suppose -5*a + 2 = -y. Suppose 6*u - a*u - 12 = 0. Let h(q) = q**2 - 4*q + 1. Calculate h(u).
1
Let l(w) = 13*w + 20. Let h = -13 + 11. Let c(k) = 3*k + 5. Let i(v) = h*l(v) + 9*c(v). What is i(4)?
9
Let g = 7 + -11. Let s(c) = c**2 + 6*c + 1. Determine s(g).
-7
Let i(b) = -2*b**2 + 14*b + 19. Let q(d) = d**2 - 7*d - 9. Let m(w) = 6*i(w) + 13*q(w). Determine m(6).
-9
Let g(v) be the second derivative of -v**5/60 - v**4/4 - 5*v**3/6 + v**2 + v. Let m(j) be the first derivative of g(j). Calculate m(-4).
3
Let o(l) = 0*l**3 + 0 + l**3 + 0*l**3 + 3 - 6*l**2. Let g be o(6). Let r(c) = c**2 - 2*c - 1. What is r(g)?
2
Let u(g) = -g**2 - 3*g + 3. Let z(w) = -3*w - 2. Let r be z(-2). Suppose -3*k + r = -k. Determine u(k).
-7
Let z(r) = 2*r**3 - 21*r**2 + 9*r + 26. Let k(p) = p**3 - 10*p**2 + 4*p + 12. Let v(q) = -5*k(q) + 2*z(q). What is v(7)?
27
Let a(v) be the third derivative of v**5/60 - 5*v**4/24 + v**3/2 + 2*v**2. Let z be (-114)/(-22) - 4/22. Let r be a(z). Let k(n) = n**2 - 3*n + 2. What is k(r)?
2
Let o be 6/(-3) - (3 - 2). Let j(i) = -i - 3. Let x(y) = 2*y + 4. Let d(k) = o*j(k) - 2*x(k). Give d(-4).
5
Let c(p) = -p**2 + 4*p - 3. Let o(z) = z + 2*z**2 + 8*z - 7 - 4*z**2. Let j(h) = 5*c(h) - 2*o(h). Let n(t) = t**2 + 5*t - 5. Let l be n(-6). Give j(l).
0
Let p(w) = -w - 5*w + 4*w + 5*w. Let o(i) = i - 5. Let l(z) = z - 6. Let k(x) = 4*l(x) - 5*o(x). Let d(r) = -3*k(r) + p(r). Give d(2).
9
Let r(b) = b**2 + 4*b + 4. Let m be r(-4). Let a(h) be the second derivative of h**4/12 - h**3 + 3*h**2/2 + 11*h. Calculate a(m).
-5
Let b be 3/(-5)*(-2 + -3). Suppose -5*k = -b*k. Let i(p) = p**3 + p**2 - p - 5. Calculate i(k).
-5
Let i(k) = -k - 6. Suppose h - 8 = 4*z, -6*z - 18 = -4*h - 4*z. Suppose t + h + 4 = 0. Give i(t).
2
Let t(h) be the first derivative of -h**4/12 + h**3/3 + 3*h**2/2 + 7*h + 2. Let r(b) be the first derivative of t(b). What is r(-2)?
-5
Let h(j) be the second derivative of 1/6*j**3 + 2*j + 1/12*j**4 + 2*j**2 + 0. Suppose -4*a + a = 0. Give h(a).
4
Let u(y) = -12*y**2 + y + 1. Let m = -117 + 116. Give u(m).
-12
Let h(d) = -2*d - 7. Let s(g) = -g**3 - 3*g**2 + 7*g + 6. Suppose -24 = 8*f - 2*f. Let a be s(f). What is h(a)?
5
Let l(n) be the second derivative of n**4/3 + n**3/6 - 3*n**2/2 + 3*n. Let g(q) = 3*q**2 - 2. Let y(r) = 3*g(r) - 2*l(r). Give y(2).
0
Let s = 42 - 36. Let a(m) = -m**3 + 5*m**2 + 5*m + 7. Calculate a(s).
1
Let u(s) = 2*s - 9. Let i be u(6). Let m = i + -5. Let n(t) = -5*t**2 + 4*t**2 + t**3 + t + 4*t**2. Calculate n(m).
2
Let s(z) be the second derivative of z**3/6 + z**2 + 2*z. Suppose -3*c - 6 - 3 = 0. What is s(c)?
-1
Let a be (-21)/(-9)*(-3)/2*-2. Let y(w) = 2*w - 4. What is y(a)?
10
Let j(k) = -k - 1. Let b(p) = 6*p + 10. Let i(v) = -b(v) - 5*j(v). Suppose -2 = -2*q, 0*q - q = 2*g - 25. Suppose 7*h - 10*h = -g. What is i(h)?
-9
Suppose 0 = -4*p + 5*p. Suppose p = o - 4*o - 54. Let v be 3*-3*8/o. Let d(g) = -g**2 + 4*g. Give d(v).
0
Let o = 29 - 29. Let a(h) = h**3 + h**2 - 4. Determine a(o).
-4
Let u = -8 + 11. Suppose u*n = n - 2. Let z(p) be the first derivative of 4*p**3/3 - p**2 - p + 1. Calculate z(n).
5
Let l(d) = 2*d**2 + 38*d + 43. Let t be l(-18). Let w(p) = 2*p - 13. Give w(t).
1
Let a(f) be the first derivative of -f**4/4 - 5*f**3/3 + 3*f**2 + 1. Give a(-6).
0
Let k(d) be the first derivative of -1/3*d**3 - d - 4 - 3*d**2. What is k(-4)?
7
Let y(v) be the first derivative of v**3/3 + v**2/2 + v + 1. Let j be y(-1). Let m(t) = 0*t + 11 + 0*t - j - t. Determine m(0).
10
Let c(p) = -3 + 1 + p**2 + p + 0. Determine c(-2).
0
Let g(x) be the first derivative of 3*x**2/2 - 5*x + 12. Suppose -2*a - 4*s + 16 = 3*a, 5*a - 4*s = 24. Calculate g(a).
7
Suppose 10*s - 12*s - 2 = 0. Let z(g) = 3*g**3. Calculate z(s).
-3
Let z be (-20)/7 - 5/35. Let r(w) = -4 - 2*w + 2*w + w**3 - 2*w + 5*w + 4*w**2. Calculate r(z).
-4
Let h be -1*(2 - (4 - 1)). Let u(n) be the first derivative of 3*n**2/2 + 2*n + 4. Let s(j) = 2*j + 1. Let v(m) = 7*s(m) - 4*u(m). What is v(h)?
1
Suppose b - 7*b = 18. Let l(q) be the first derivative of -q**3 + 3/2*q**2 - 2*q - 1/4*q**4 + 1. What is l(b)?
-11
Suppose -4 = -k + 3*k + 2*i, -35 = -5*k + 4*i. Suppose 3*o - k*w = 0, 3*o = -w + 3*w + 4. Let h(y) = -y**3 + 6*y**2 - 7*y + 5. Determine h(o).
9
Let m(b) = -b**3 - 8*b**2 + 2*b - 2. Let x(r) = -r**2 + r - 1. Let w(c) = m(c) - 3*x(c). Let h(q) = -2*q**2 + 20*q + 17. Let o be h(11). What is w(o)?
6
Let o(m) be the second derivative of -m**3/6 - 3*m**2/2 - m. Let y = 63 + -68. Give o(y).
2
Let q(s) be the third derivative of s**4/6 - 2*s**3/3 - 3*s**2. Let n be q(2). Let g(h) = -h**2 + 3*h + 1. Calculate g(n).
-3
Let w = 2 + -1. Let k be -1 + 2 - w*5. Let b(m) = -5*m**3 + 3*m**2 + m + 8. Let p(l) = 9*l**3 - 6*l**2 - l - 15. Let t(h) = 11*b(h) + 6*p(h). Determine t(k).
-6
Suppose 2*o - 1 - 3 = -2*w, -5*o + 4 = 3*w. Let q(r) be the third derivative of -r**6/120 + r**5/15 - r**4/6 + r**3/3 - 42*r**2 + 2. Determine q(w).
-1
Let v be (8/6)/(-1 - (-10)/6). Let c(l) = -3*l - 1. Give c(v).
-7
Let r(f) = 5*f - 2*f - f**2 + 0*f + 0*f. Suppose -28 = -4*n - 4*o, -2*n = 5*o - 4*o - 10. Let v be r(n). Let q(j) = -j**2 + j - 5. Determine q(v).
-5
Let g(x) = -x**2 + x. Let n(j) = 2*j**2 - 11*j - 1. Let a(u) = u. Let k(v) = 2*a(v) + n(v). Let t = 2 + -1. Let r(b) = t*k(b) + 3*g(b). Determine r(-4).
7
Let b(k) = 1. Let x(i) = 5*i**2 - i - 3. Let c(l) = -b(l) + x(l). Let h(j) be the first derivative of c(j). What is h(1)?
9
Let v(u) = u**2 + 4. Let m(x) = -x. Let i(z) = 6*m(z) + v(z). Calculate i(5).
-1
Let j(a) = 76 - 40 + a**2 - 33 - 5*a. What is j(6)?
9